t common factor of 24517728 and 1476.
36
Calculate the greatest common factor of 4353 and 1374.
3
What is the greatest common factor of 123 and 85035189?
123
What is the greatest common factor of 12724702 and 53210?
626
Calculate the highest common factor of 328244 and 83027.
7
What is the greatest common factor of 214 and 18836066?
214
Calculate the highest common factor of 962343 and 276.
69
What is the greatest common divisor of 176 and 61228684?
44
Calculate the greatest common divisor of 279818 and 19504.
46
What is the highest common factor of 293066 and 35456?
554
Calculate the highest common factor of 9195291 and 147.
147
Calculate the greatest common factor of 391222 and 234.
26
What is the highest common divisor of 770 and 384010?
110
What is the highest common factor of 2 and 54434122?
2
What is the greatest common factor of 10 and 15382530?
10
Calculate the greatest common factor of 3157 and 4931521.
287
Calculate the greatest common divisor of 286073024 and 6592.
6592
Calculate the greatest common divisor of 4235233 and 38.
19
Calculate the highest common factor of 129827 and 13528.
19
What is the highest common factor of 440 and 2480764?
44
Calculate the highest common factor of 7204520 and 690.
230
Calculate the greatest common factor of 7066 and 140878.
2
What is the highest common divisor of 84 and 5948376?
84
What is the highest common divisor of 400 and 85593872?
16
Calculate the greatest common factor of 130335 and 75.
15
What is the highest common factor of 347 and 80531413?
347
What is the highest common divisor of 179676 and 1008?
252
Calculate the greatest common factor of 961185 and 241165.
695
What is the highest common factor of 1305 and 54212049?
261
What is the highest common divisor of 3804733 and 2186?
1093
Calculate the greatest common divisor of 310445 and 1372381.
2141
What is the highest common factor of 279852 and 8193?
3
Calculate the greatest common factor of 7027600 and 31700.
100
What is the greatest common divisor of 34 and 436048130?
34
Calculate the highest common divisor of 4953613 and 2975.
119
Calculate the greatest common factor of 36288 and 3412368.
1296
What is the highest common divisor of 416 and 131692808?
104
What is the greatest common divisor of 5343769 and 2584?
19
What is the highest common divisor of 17272 and 44175172?
508
What is the highest common factor of 23956 and 148934?
226
Calculate the greatest common divisor of 367099730 and 530.
530
Calculate the greatest common divisor of 99 and 7129485.
99
Calculate the greatest common divisor of 159488 and 155750.
1246
What is the highest common divisor of 500060273 and 45736?
5717
Calculate the highest common divisor of 17195 and 3310655.
95
Calculate the highest common divisor of 7177854 and 30.
6
What is the highest common divisor of 260 and 320379020?
260
What is the greatest common divisor of 2617870407 and 7698?
3849
What is the greatest common factor of 3623526 and 18?
18
What is the greatest common divisor of 14090516 and 5060?
44
What is the highest common divisor of 2514 and 359054508?
2514
What is the greatest common factor of 3376575 and 2085624?
3141
What is the highest common factor of 2 and 31590034?
2
Calculate the greatest common factor of 6540 and 41550255.
1635
What is the highest common factor of 76066020 and 2808?
108
What is the highest common divisor of 914029 and 251599?
311
What is the highest common factor of 17886 and 43164?
66
Calculate the highest common factor of 1857539 and 731.
17
What is the highest common factor of 4784 and 367120?
208
Calculate the greatest common factor of 18357745 and 175.
35
What is the greatest common divisor of 2100756 and 4806?
534
What is the greatest common factor of 110111 and 528385?
739
What is the highest common factor of 17934 and 614166?
294
What is the greatest common divisor of 32822 and 2092?
2
What is the greatest common factor of 5408334 and 90?
18
What is the greatest common divisor of 27539744 and 544?
32
Calculate the greatest common divisor of 1502 and 78692784.
1502
Calculate the highest common factor of 105 and 99315.
15
What is the greatest common factor of 73672462 and 190?
38
Calculate the greatest common divisor of 47 and 81878794.
47
Calculate the greatest common factor of 296 and 879268.
148
Calculate the greatest common divisor of 192 and 47314392.
24
Calculate the highest common factor of 144592717 and 19.
19
What is the highest common factor of 40 and 3162890840?
40
Calculate the greatest common divisor of 22235547 and 131.
131
Calculate the highest common divisor of 1503840 and 108.
12
Calculate the highest common factor of 821579 and 475.
19
Calculate the highest common divisor of 47615751 and 200007.
2817
What is the greatest common divisor of 56785 and 4343540?
205
What is the greatest common factor of 50 and 1477760?
10
Calculate the greatest common divisor of 1280 and 31127808.
256
Calculate the greatest common factor of 9636319 and 651.
217
What is the highest common factor of 1184079 and 351?
39
What is the highest common divisor of 2060172 and 14151?
267
Calculate the greatest common divisor of 3024 and 4756941.
189
What is the greatest common factor of 62689 and 38687?
11
Calculate the highest common divisor of 33932 and 442.
34
Calculate the highest common divisor of 31999158 and 18.
18
Calculate the greatest common divisor of 1924024 and 56.
8
What is the highest common factor of 19560 and 2942520?
120
Calculate the highest common factor of 3340 and 89260.
20
Calculate the greatest common factor of 35404260 and 405.
15
Calculate the highest common divisor of 598320240 and 840.
840
Calculate the highest common factor of 8809 and 27229385.
383
Calculate the greatest common factor of 4964200 and 300.
100
What is the highest common divisor of 1680 and 352328?
8
What is the highest common factor of 65067 and 1810929?
123
Calculate the highest common divisor of 787221 and 117.
9
Calculate the greatest common divisor of 2024661 and 377271.
267
What is the highest common factor of 6495884 and 158108?
3364
Calculate the highest common divisor of 198 and 15949868.
22
Calculate the highest common factor of 5800746 and 126.
42
Calculate the greatest common factor of 78652440 and 135.
45
What is the highest common factor of 1768 and 1182636?
52
What is the greatest common divisor of 1947 and 62720481?
177
What is the greatest common divisor of 2456 and 42615284?
1228
Calculate the highest common divisor of 113408119 and 165.
11
Calculate the greatest common factor of 57984 and 580746.
906
What is the highest common factor of 170 and 4931258?
34
Calculate the highest common factor of 7479 and 1936507.
277
What is the highest common divisor of 3333215 and 15?
5
What is the greatest common factor of 34006458 and 75183?
3957
Calculate the highest common divisor of 277600 and 95120.
80
Calculate the highest common factor of 81693 and 9635079.
939
What is the greatest common divisor of 987970277 and 5215?
1043
Calculate the greatest common divisor of 170 and 991565.
5
What is the greatest common divisor of 2679 and 39397374?
2679
Calculate the highest common factor of 3098300 and 850.
50
What is the greatest common divisor of 20560 and 115670?
10
What is the greatest common factor of 33529015 and 95?
95
What is the highest common divisor of 22 and 69521441?
11
Calculate the highest common factor of 67393 and 333773.
19
What is the highest common divisor of 397188936 and 36?
36
What is the highest common divisor of 623205272 and 24?
8
What is the highest common divisor of 150167709 and 1515?
303
What is the highest common factor of 108 and 21895528?
4
What is the highest common factor of 1444638 and 1248?
78
What is the greatest common divisor of 1310573 and 849?
283
What is the highest common divisor of 344 and 777192?
8
Calculate the highest common divisor of 689429 and 17.
1
What is the greatest common divisor of 30 and 38161674?
6
Calculate the greatest common factor of 27122115 and 39360.
615
Calculate the highest common divisor of 1430 and 359895965.
715
Calculate the highest common divisor of 192 and 8271360.
192
What is the highest common divisor of 14791744 and 704?
704
What is the highest common divisor of 3497 and 540982403?
3497
What is the grea